001?
1001111100101110
In base 13, what is 57 - 6463?
-6409
In base 6, what is 2154525 + 3?
2154532
In base 9, what is -2668 - 17?
-2686
In base 9, what is 0 + -102111?
-102111
In base 9, what is -12 - -26575?
26563
In base 16, what is 316e6 - -1?
316e7
In base 2, what is -10001101111111010 - 100?
-10001101111111110
In base 15, what is -48 - -30?
-18
In base 2, what is -101101 + 1101010001?
1100100100
In base 10, what is -29274 - 20?
-29294
In base 7, what is -21 - -2563?
2542
In base 11, what is 4a3 + -225?
279
In base 10, what is -24 - 16331?
-16355
In base 6, what is 1445520 - 14?
1445502
In base 15, what is -2d43 - -17?
-2d2b
In base 7, what is 1011 - 245?
433
In base 8, what is 140 - 13173?
-13033
In base 12, what is -25b0 + 33?
-2579
In base 5, what is -1140414 - 10?
-1140424
In base 2, what is 10001 - -110110?
1000111
In base 3, what is 1 + 1100110122?
1100110200
In base 8, what is 115166 - 2?
115164
In base 15, what is 4 + -71e6?
-71e2
In base 6, what is 4 + -1421303?
-1421255
In base 6, what is 5411 - 13?
5354
In base 15, what is -1802e + -5?
-18034
In base 15, what is b3e - 50?
ade
In base 14, what is -3a2 + -105?
-4a7
In base 6, what is 2 - 121350?
-121344
In base 6, what is -13050353 + -4?
-13050401
In base 3, what is 112 - -2021202?
2022021
In base 10, what is -1268 - 856?
-2124
In base 12, what is -5a2 - 6b1?
-1093
In base 3, what is -210102 + 20101?
-120001
In base 15, what is -32 + -11e?
-151
In base 8, what is 5 - -65600?
65605
In base 7, what is -126353 + 114?
-126236
In base 16, what is -b016 + -c?
-b022
In base 11, what is -2830 - -69?
-2772
In base 15, what is 3885 - -cd?
3963
In base 12, what is -41 + 47?
6
In base 11, what is -21 + -7118?
-7139
In base 8, what is -3 + -4272721?
-4272724
In base 11, what is 0 - -609383?
609383
In base 6, what is 3400050 - -2?
3400052
In base 7, what is -26142 + -2?
-26144
In base 7, what is 1 - -541613?
541614
In base 9, what is 25053 - -6?
25060
In base 14, what is -276 - -2d7?
61
In base 11, what is 0 - 70168?
-70168
In base 4, what is -1121 + -10222?
-12003
In base 11, what is 62369 - -3?
62371
In base 5, what is -21 - -3404?
3333
In base 7, what is -14142 - 402?
-14544
In base 10, what is 240 - 220?
20
In base 15, what is -3e + -137?
-176
In base 8, what is 1777430 + 3?
1777433
In base 11, what is -156 + 8566?
8410
In base 10, what is -15 + 17064?
17049
In base 3, what is 221 - 200?
21
In base 4, what is -3022 - -1033?
-1323
In base 11, what is 2457 + -281?
2186
In base 5, what is 32044 - -2?
32101
In base 12, what is 2b5 + -354?
-5b
In base 5, what is -10223 - -2302?
-2421
In base 13, what is -86 + b10?
a57
In base 8, what is -365277 - -12?
-365265
In base 8, what is -155 - -47060?
46703
In base 14, what is -d0909 - 4?
-d090d
In base 10, what is -3 + -31954?
-31957
In base 14, what is 0 + 82770?
82770
In base 7, what is 1020 - -1556?
2606
In base 2, what is 11000000100111011 - -1?
11000000100111100
In base 9, what is -32140 + -2?
-32142
In base 7, what is -13623 - -441?
-13152
In base 13, what is 1907 - 0?
1907
In base 5, what is 11044 - 314?
10230
In base 10, what is 17 + -4280?
-4263
In base 5, what is -31440 + 104?
-31331
In base 10, what is -2 - 8715?
-8717
In base 14, what is 4 + 5393?
5397
In base 3, what is 21 + 10021121?
10021212
In base 9, what is -45411 + -5?
-45416
In base 12, what is 48 + -b31a?
-b292
In base 8, what is 417 + -3?
414
In base 12, what is 9227a5 + 4?
9227a9
In base 7, what is -1134333 - -5?
-1134325
In base 6, what is -43 + 13503?
13420
In base 3, what is -11 - 122121000121?
-122121000202
In base 2, what is 1001100011 + 1011101101?
10101010000
In base 8, what is -31 + 637?
606
In base 16, what is -2 + 11b4?
11b2
In base 3, what is -100020210 - -11?
-100020122
In base 16, what is b895 + f?
b8a4
In base 15, what is 1b - 330c?
-32e1
In base 7, what is 63040101 - 5?
63040063
In base 4, what is -1 + 12202023?
12202022
In base 11, what is -274 + 280?
7
In base 9, what is -4371 - -5?
-4365
In base 4, what is -300 + -201003210?
-201010110
In base 8, what is 100423 + 222?
100645
In base 3, what is -2 + 212102121?
212102112
In base 10, what is 312 - 46?
266
In base 3, what is 2012 - -20221?
100010
In base 2, what is -11101111011 - -1000001?
-11100111010
In base 8, what is 13 - -16?
31
In base 15, what is -a - -159d6?
159cb
In base 5, what is 222 - 130241?
-130014
In base 9, what is -24 + 38672?
38647
In base 14, what is -b9375 - 2?
-b9377
In base 7, what is -646 - 10133?
-11112
In base 14, what is -8 + -2762?
-276a
In base 14, what is 25b2d4 - 5?
25b2cd
In base 5, what is -124333 + 10?
-124323
In base 4, what is -11111 + -100102?
-111213
In base 2, what is -10111 + 101010001100001010?
101010001011110011
In base 11, what is 282323 + -3?
282320
In base 2, what is -1101101101 + -101100?
-1110011001
In base 2, what is 101 - -1001101011011011011?
1001101011011100000
In base 5, what is -12 + 32234?
32222
In base 14, what is -1b - -243?
226
In base 4, what is 2202 - 131020?
-122212
In base 15, what is -9 - 6d77?
-6d81
In base 8, what is -75034 + 47?
-74765
In base 6, what is -41 - 20342?
-20423
In base 3, what is -1012210211 + 10?
-1012210201
In base 10, what is 320 - 21?
299
In base 6, what is 3512121 + 0?
3512121
In base 11, what is -11913 - 1?
-11914
In base 16, what is -38b + -67e?
-a09
In base 9, what is -56358 + 0?
-56358
In base 7, what is 33022016 - -2?
33022021
In base 7, what is -16155 - 20?
-16205
In base 14, what is 10dc3 - -17?
10dda
In base 16, what is 6acd - -23?
6af0
In base 14, what is aa288 + 4?
aa28c
In base 15, what is 2bee1 - 4?
2bedc
In base 12, what is 10 - 1764?
-1754
In base 5, what is 1032 + 1012?
2044
In base 14, what is -20d045b + 4?
-20d0457
In base 12, what is 1041a - 5?
10415
In base 15, what is -1 - 6e7?
-6e8
In base 4, what is -1230231300 + 10?
-1230231230
In base 2, what is 10010001011011 + -111?
10010001010100
In base 12, what is 1b04 + 164?
2068
In base 15, what is 37ea - -4?
37ee
In base 13, what is 1c04 - -607?
250b
In base 10, what is 3 - 956660?
-956657
In base 3, what is 11011 - -1202?
12220
In base 7, what is 12616 + 15?
12634
In base 2, what is -10 + 10011000000111?
10011000000101
In base 14, what is -5 + -24769?
-24770
In base 5, what is -2201001 - 2?
-2201003
In base 5, what is 1434 + -1014?
420
In base 3, what is 110211 + -21120?
12021
In base 8, what is -504456 + -13?
-504471
In base 11, what is -1403247 - 3?
-140324a
In base 11, what is 31 - -2a7a?
3000
In base 2, what is 0 - 10000010100010?
-10000010100010
In base 13, what is -1 - -335?
334
In base 2, what is 1 - 1110101000100100?
-1110101000100011
In base 15, what is -2168d + 2?
-2168b
In base 11, what is -2 + -461a?
-4621
In base 13, what is 339b - 7?
3394
In base 13, what is 6026b2 + -3?
6026ac
In base 16, what is 3 - -20f5?
20f8
In base 15, what is 5 - 1a9e0?
-1a9da
In base 9, what is 122 + -5586?
-5464
In base 16, what is -3 + e653?
e650
In base 12, what is -73 + -1b0?
-263
In base 6, what is 45511 + 15?
45530
In base 15, what is -79 + 1a8?
12e
In base 16, what is 3cb - -1fa?
5c5
In base 5, what is 24014232 - 1?
24014231
In base 11, what is 1a1 + 93?
284
In base 3, what is 21110010 - -202?
21110212
In base 5, what is -40040230 - 0?
-40040230
In base 8, what is 7104 - -2?
7106
In base 15, what is -13e - 50?
-18e
In base 15, what is 7e2e - -3d?
7e6c
In base 2, what is -100101101 + -10101110?
-111011011
In base 6, what is -2 - 11341?
-11343
In base 3, what is -221022002021 + 10?
-221022002011
In base 2, what is -101101001000011011110 + -101?
-101101001000011100011
In base 16, what is -64ba - 4?
-64be
In base 4, what is 12 + -1330031?
-1330013
In base 6, what is 4052 - 204?
3444
In base 6, what is 215355 + -1?
215354
In base 10, what is -4 - 1429568?
-1429572
In base 7, what is 1132 + 1164?
2326
In base 2, what is 100001 - 110111000110111?
-110111000010110
In base 10, what is -357016 + 3?
-357013
In base 4, what is -223033223 - -2?
-223033221
In base 5, what is 13 + 22443441?
22444004
In base 7, what is -201 + 215426?
215225
In base 5, what is -3 + 2431121?
2431113
In base 14, what is 1b69a6 + -3?
1b69a3
In base 16, what is 4b3c - b?
4b31
In base 2, what is -100 - 1101010110010111?
-1101010110011011
In base 10, what is -5 + -595811?
-595816
In base 3, what is 1021 + 1022